t h = 2400 + -497. Let v = h + -1314. What is the hundreds digit of v?
5
Let j(g) be the first derivative of g**7/840 + 53*g**4/12 - 5*g**3 + 6. Let q(o) be the third derivative of j(o). What is the tens digit of q(0)?
0
Suppose 1027577 = 89*c + 203971. What is the thousands digit of c?
9
Suppose -66*c + 275 = -77*c. Let a(g) = -52*g - 295. What is the hundreds digit of a(c)?
0
Let p = -3959 - -15940. What is the units digit of p?
1
Suppose 3*i - 26 = -d, 8*i + 2*d - 2 = 7*i. Suppose -2*l + 1898 = i*y - 6*y, 5*y + 2*l = 2373. What is the units digit of y?
5
Suppose r + 14 = 2*w, -92 = 4*r + 3*w - 2*w. Let y(g) = -g**2 - 8*g - 7. Let f be y(r). Let t = -210 - f. What is the units digit of t?
5
Suppose 2*f - 12232 = -w, 3*f - 9460 - 8894 = -3*w. What is the tens digit of f?
1
Let v(q) = q**3 + 9*q**2 + q. Let a be v(-9). Let k(s) = -s**2 - 10*s - 6. Let i be k(a). What is the units digit of 9/i + 52/2?
9
Suppose 4*p + i + 1 = 13, -p - 3*i = 8. Suppose 3*w - 3*k = -7*k + 3790, 2*k + p = 0. What is the tens digit of w?
6
Let p = 7227 - 622. What is the thousands digit of p?
6
Let o(u) be the second derivative of 32/3*u**3 + 35*u + 0 + 11*u**2. What is the units digit of o(4)?
8
What is the hundreds digit of -3*(-3 + 2) + (-27806)/(-1)?
8
Let q = -8 - -16. Let w(x) be the third derivative of x**4/24 + 2*x**3/3 - 284*x**2. What is the units digit of w(q)?
2
Let v = 62 + -59. Suppose -v*h - 1665 = -8*h. What is the units digit of h?
3
Let x = 169 - 160. Suppose -21*s = -x*s - 2784. What is the hundreds digit of s?
2
What is the units digit of 1110/(-444) - 11631/(-2)?
3
Let l = 99 + -94. Suppose -c - 3*u = -118, -5*c - 148 + 708 = l*u. What is the hundreds digit of c?
1
Suppose -70*r + r = -671991. What is the units digit of r?
9
Let v be -4*6*(0 - (-27)/24). Let r = v - -14. What is the units digit of 15/((-585)/6) + (-1211)/r?
3
Let o(q) = 7*q - 25. Suppose -32 = -9*k + k. Let l be o(k). Suppose -32 = -5*c + 3*u + 16, l*c + 4*u = 52. What is the units digit of c?
2
Let w(o) = -16*o**3 + o**2 - 19*o - 67. What is the tens digit of w(-3)?
3
Let s(t) = -t**3 + 9*t**2 - 5*t + 2. Let b be s(6). Suppose -83*f = -b*f - 2262. What is the hundreds digit of f?
7
Let b(u) = 4*u**3 - 8*u**2 + 34*u - 15. Suppose -f - 23*f + 144 = 0. What is the tens digit of b(f)?
6
Let r be 646/190 + (0 - 4/10). Suppose 3*x - f - 19 = 0, 4*x + f - 26 = r*f. Suppose 791 = 4*z + m, -3*z - 599 = -x*z + 5*m. What is the units digit of z?
8
What is the tens digit of (4194 + -9)/3 + 3 - 3?
9
Let w(j) = -11*j - 69. Let t be w(15). What is the hundreds digit of t/(-78) - 167*(-5 + 0)?
8
Suppose -3*w + 5*a = -20357, -87*a - 33960 = -5*w - 85*a. What is the units digit of w?
4
Suppose 140 = 5*f - 0*f. What is the units digit of (1010/(-7))/(-2) - 4/f?
2
Let k = -489 + 492. Suppose h - j + 2*j - 1646 = 0, -4943 = -k*h + 2*j. What is the tens digit of h?
4
Let w(q) = -124*q + 1689. What is the thousands digit of w(-47)?
7
Let k = -140 + 90. Let p = k - -53. Suppose 0 = -p*f + 182 + 112. What is the units digit of f?
8
Let k(r) = -3*r**3 + 71*r**2 - 34*r + 9. What is the tens digit of k(19)?
1
What is the ten thousands digit of 68861*(13 - 1837/143)?
1
Suppose -4*o - 4*x - 1376 = 0, -4*x + 1369 = -4*o - x. Let y = 837 + o. What is the tens digit of y?
9
Let p = -323 + 67. Let y = p - 5. Let h = -155 - y. What is the units digit of h?
6
Suppose -2*m + 2*o - 9 = 3, 4*m + 60 = -5*o. Let q(i) = i**3 + 15*i**2 + 16*i + 11. What is the units digit of q(m)?
1
Let v = 328 - 324. Let o(n) = 9*n**2 - 8*n + 18. What is the hundreds digit of o(v)?
1
Suppose 264*q - 159145 = 226*q + 255321. What is the tens digit of q?
0
Let n = -930 + 935. Suppose -5*d - n*v + 9*v + 7569 = 0, 5*d - 7601 = -4*v. What is the tens digit of d?
1
Let n(w) = 2*w**2 - 49*w - 21. Let o be n(25). Let m be 444/o - 3*1. Suppose r - m = -4*f, 4*r - 3*f - 321 = 92. What is the tens digit of r?
0
Let v be -2 + 10/(-2) - -1. Let g(r) be the second derivative of r**4/6 - 7*r**3/3 - 3*r**2/2 - 101*r + 9. What is the hundreds digit of g(v)?
1
Let i(n) = -n**2 - 3*n + 4. Let f be i(-5). Let k = f - 115. What is the tens digit of 12/16 + k/(-4)?
3
Let t(r) = -5*r - 48. Let s be t(-8). Let b be -3 + 8 + 6 + s. Suppose 4*z - 12 = 0, -x + 65 = -4*z - b. What is the tens digit of x?
8
Let w(u) = 478*u**2 - 16*u - 204. What is the hundreds digit of w(-8)?
5
Suppose -2*y - w + 119218 = 0, -2*y = -9*w + 7*w - 119212. What is the thousands digit of y?
9
What is the units digit of (1 + 249928/42)/(10/18)?
3
Suppose -66*c - 167*c + 14*c + 1377510 = 0. What is the tens digit of c?
9
Let y(s) = s**2 - 11*s + 9. Let z be y(12). Suppose z*w = 26*w + 15. Let d(n) = -7*n - 1. What is the units digit of d(w)?
0
What is the thousands digit of (-1 + 8/(-2))*(-88 - 844)?
4
Let w = 27970 + 5654. What is the ten thousands digit of w?
3
Let u = 59 + -57. Let l be 6*u/18*24. Suppose -4*d - 62 = -2*h, -5*d + l = 4*h - 43. What is the tens digit of h?
2
Let k(s) = s**2 - 2*s**2 + 41 - 46*s - 24*s + 41*s. Let i be k(-28). Let j = 79 - i. What is the units digit of j?
0
Let t(s) = s**2 - 20*s + 4. Let f be t(18). Let i be (27/6 - 0)*f/(-6). What is the tens digit of (36/i)/((-1)/(-62))?
9
Let b be 206/28*2 + (-124)/(-434). Let d(s) = -s**3 + 18*s**2 + 3*s + 21. What is the tens digit of d(b)?
4
Let c = 570 + -570. Let v(x) = 27*x + 863. What is the hundreds digit of v(c)?
8
Let p(g) = g**2 + 9*g + 6. Let t be p(-10). Suppose -10*z + t = -4. What is the tens digit of -2*((-37)/z + -4)?
4
Let q(o) = 2*o**2 - 2*o - 1. Let j be q(2). Suppose j*k = 4*a + 336, 6*a - 3*a - 473 = -4*k. Let v = k - 60. What is the units digit of v?
6
Suppose 0 = -12*z + 21*z + 3654. Let w = z + 1100. What is the units digit of w?
4
Suppose 0 = -6*h + 14*h - 24. Let n(g) = -4*g + 0*g + 6 + 10*g**2 + 2*g - 3. What is the tens digit of n(h)?
8
Let i = -125 + 60. Let q = i + 69. Suppose 570 = q*a + 3*g, -g - 4*g = -5*a + 730. What is the units digit of a?
4
Suppose 3*x - 18620 = -4*g, 7561 = 2*x - 5*g - 4837. What is the units digit of x?
4
Let h = -1 + 1. Let j(n) = 2*n**3 - 5*n**2 - 1. Let w(p) = -11*p**3 + 31*p**2 - p - 28. Let i(z) = -6*j(z) - w(z). What is the tens digit of i(h)?
3
Suppose p - 6*p = -3*l - 4524, -2*p + 1820 = 4*l. Suppose 128 + p = -2*k. Let q = k + 734. What is the tens digit of q?
1
Suppose 3*j = -3*v - 3, 0 = -3*v + 4*v - 5*j + 7. What is the hundreds digit of ((-926)/5 - v)/((-72)/180)?
4
Let o = -25 - -53. Let r be (3*16/20)/((-3)/30). Let c = r + o. What is the units digit of c?
4
Suppose -x + 6 = 2*x, 14 = 3*o - 2*x. Suppose -o*g = -g - 55. Suppose 2*d + 27 = g*d. What is the units digit of d?
3
Let g be ((-104)/12)/((-8)/1980). What is the hundreds digit of (g/26)/(4/8)?
1
What is the thousands digit of -1*42/8*(-7615 - -43)?
9
Let n = -2421 - -3606. Suppose -2*k = d - n, 2*k - 758 - 436 = -4*d. What is the hundreds digit of k?
5
Suppose o = 0, 4*o - 2 = -5*z + 1633. What is the hundreds digit of -4 - (-12)/9*z?
4
Suppose 3*z = z + 128. Let h(q) = -10*q - q**3 - 3*q - 7*q**2 + 58 - z. What is the units digit of h(-6)?
6
Suppose 3*o + 21 = -4*o. Let l be (-663)/(-119) + o/(-7). What is the units digit of l/10 + (-4)/(-10)?
1
Let b be (-22)/(-3)*(-54)/24*2. What is the hundreds digit of (-65340)/b + (-1 - 8)?
9
Let j(w) = -w**3 + 91*w**2 - 208*w + 696. What is the hundreds digit of j(71)?
7
Let j = 81 + -151. Let x = j - -40. What is the units digit of 40/(-30)*(x/(-2))/(-1)?
0
Suppose -4*d = -0*i + i - 3, 9 = 3*i - 3*d. Suppose 1880 = 4*b - 2*p, 3*b - 1126 = i*p + 287. What is the units digit of b?
9
Let k(d) = 187*d**2 + 66*d - 25. What is the hundreds digit of k(11)?
3
Let y be (-520)/(-208) + -1*5/(-2). Suppose 0 = y*c + 601 - 2401. What is the units digit of c?
0
Suppose -3*d - 9 = -24. Let g be -1 - 7*2*184/(-8). Suppose 0 = d*o - g + 6. What is the units digit of o?
3
Suppose -9496*q = -9534*q + 676704. What is the hundreds digit of q?
8
What is the thousands digit of (-27286)/(-6)*(25 + -22)?
3
Let s be -1 - -4 - (3 + -21). Let z be 0 + (2 - 2) + s. Suppose n + v = 30, 5*n + 2*v - 156 + z = 0. What is the units digit of n?
5
Let y(c) be the third derivative of c**5/60 + 7*c**3/6 - 4*c**2. Let i be (-2)/(-6) - (-33)/9. What is the units digit of y(i)?
3
S